{"id":33,"date":"2026-05-07T20:38:37","date_gmt":"2026-05-07T18:38:37","guid":{"rendered":"http:\/\/teczowispolecznicy.org\/?page_id=33"},"modified":"2026-05-08T10:08:31","modified_gmt":"2026-05-08T08:08:31","slug":"wsparcie","status":"publish","type":"page","link":"https:\/\/teczowispolecznicy.org\/?page_id=33","title":{"rendered":"WSPARCIE"},"content":{"rendered":"<style>.kb-row-layout-id33_fd66da-ea > .kt-row-column-wrap{align-content:start;}:where(.kb-row-layout-id33_fd66da-ea > .kt-row-column-wrap) > .wp-block-kadence-column{justify-content:start;}.kb-row-layout-id33_fd66da-ea > .kt-row-column-wrap{column-gap:var(--global-kb-gap-md, 2rem);row-gap:var(--global-kb-gap-md, 2rem);max-width:1200px;margin-left:auto;margin-right:auto;padding-top:24px;padding-right:24px;padding-bottom:24px;padding-left:24px;grid-template-columns:minmax(0, 1fr);}.kb-row-layout-id33_fd66da-ea > .kt-row-layout-overlay{opacity:0.30;}@media all and (max-width: 1024px){.kb-row-layout-id33_fd66da-ea > .kt-row-column-wrap{grid-template-columns:minmax(0, 1fr);}}@media all and (max-width: 767px){.kb-row-layout-id33_fd66da-ea > .kt-row-column-wrap{grid-template-columns:minmax(0, 1fr);}}<\/style><div class=\"kb-row-layout-wrap kb-row-layout-id33_fd66da-ea alignnone wp-block-kadence-rowlayout\"><div class=\"kt-row-column-wrap kt-has-1-columns kt-row-layout-equal kt-tab-layout-inherit kt-mobile-layout-row kt-row-valign-top\">\n<style>.kadence-column33_38add1-05 > .kt-inside-inner-col,.kadence-column33_38add1-05 > .kt-inside-inner-col:before{border-top-left-radius:0px;border-top-right-radius:0px;border-bottom-right-radius:0px;border-bottom-left-radius:0px;}.kadence-column33_38add1-05 > .kt-inside-inner-col{column-gap:var(--global-kb-gap-sm, 1rem);}.kadence-column33_38add1-05 > .kt-inside-inner-col{flex-direction:column;}.kadence-column33_38add1-05 > .kt-inside-inner-col > .aligncenter{width:100%;}.kadence-column33_38add1-05 > .kt-inside-inner-col:before{opacity:0.3;}.kadence-column33_38add1-05{position:relative;}@media all and (max-width: 1024px){.kadence-column33_38add1-05 > .kt-inside-inner-col{flex-direction:column;justify-content:center;}}@media all and (max-width: 767px){.kadence-column33_38add1-05 > .kt-inside-inner-col{flex-direction:column;justify-content:center;}}<\/style>\n<div class=\"wp-block-kadence-column kadence-column33_38add1-05\"><div class=\"kt-inside-inner-col\"><style>.wp-block-kadence-advancedheading.kt-adv-heading33_2fd004-c3, .wp-block-kadence-advancedheading.kt-adv-heading33_2fd004-c3[data-kb-block=\"kb-adv-heading33_2fd004-c3\"]{text-align:center;font-style:normal;}.wp-block-kadence-advancedheading.kt-adv-heading33_2fd004-c3 mark.kt-highlight, .wp-block-kadence-advancedheading.kt-adv-heading33_2fd004-c3[data-kb-block=\"kb-adv-heading33_2fd004-c3\"] mark.kt-highlight{font-style:normal;color:#f76a0c;-webkit-box-decoration-break:clone;box-decoration-break:clone;padding-top:0px;padding-right:0px;padding-bottom:0px;padding-left:0px;}.wp-block-kadence-advancedheading.kt-adv-heading33_2fd004-c3 img.kb-inline-image, .wp-block-kadence-advancedheading.kt-adv-heading33_2fd004-c3[data-kb-block=\"kb-adv-heading33_2fd004-c3\"] img.kb-inline-image{width:150px;vertical-align:baseline;}<\/style>\n<h2 class=\"kt-adv-heading33_2fd004-c3 wp-block-kadence-advancedheading\" data-kb-block=\"kb-adv-heading33_2fd004-c3\">Twoje wsparcie jest dla nas nieocenione.<br><\/h2>\n\n\n<style>.wp-block-kadence-advancedheading.kt-adv-heading33_ecc4d8-76, .wp-block-kadence-advancedheading.kt-adv-heading33_ecc4d8-76[data-kb-block=\"kb-adv-heading33_ecc4d8-76\"]{text-align:center;font-size:26px;font-style:normal;}.wp-block-kadence-advancedheading.kt-adv-heading33_ecc4d8-76 mark.kt-highlight, .wp-block-kadence-advancedheading.kt-adv-heading33_ecc4d8-76[data-kb-block=\"kb-adv-heading33_ecc4d8-76\"] mark.kt-highlight{font-style:normal;color:#f76a0c;-webkit-box-decoration-break:clone;box-decoration-break:clone;padding-top:0px;padding-right:0px;padding-bottom:0px;padding-left:0px;}.wp-block-kadence-advancedheading.kt-adv-heading33_ecc4d8-76 img.kb-inline-image, .wp-block-kadence-advancedheading.kt-adv-heading33_ecc4d8-76[data-kb-block=\"kb-adv-heading33_ecc4d8-76\"] img.kb-inline-image{width:150px;vertical-align:baseline;}<\/style>\n<p class=\"kt-adv-heading33_ecc4d8-76 wp-block-kadence-advancedheading\" data-kb-block=\"kb-adv-heading33_ecc4d8-76\">Wp\u0142aty mo\u017cna dokona\u0107 na konto Stowarzyszenia:   <br>75 1240 3073 1111 0011 6452 4650 <br>Tytu\u0142em: darowizna na cele regulaminowe Stowarzyszenie T\u0119czowi Spo\u0142ecznicy<\/p>\n\n\n<style>.wp-block-kadence-advancedheading.kt-adv-heading33_8d74b9-c8, .wp-block-kadence-advancedheading.kt-adv-heading33_8d74b9-c8[data-kb-block=\"kb-adv-heading33_8d74b9-c8\"]{text-align:center;font-style:normal;}.wp-block-kadence-advancedheading.kt-adv-heading33_8d74b9-c8 mark.kt-highlight, .wp-block-kadence-advancedheading.kt-adv-heading33_8d74b9-c8[data-kb-block=\"kb-adv-heading33_8d74b9-c8\"] mark.kt-highlight{font-style:normal;color:#f76a0c;-webkit-box-decoration-break:clone;box-decoration-break:clone;padding-top:0px;padding-right:0px;padding-bottom:0px;padding-left:0px;}.wp-block-kadence-advancedheading.kt-adv-heading33_8d74b9-c8 img.kb-inline-image, .wp-block-kadence-advancedheading.kt-adv-heading33_8d74b9-c8[data-kb-block=\"kb-adv-heading33_8d74b9-c8\"] img.kb-inline-image{width:150px;vertical-align:baseline;}<\/style>\n<p class=\"kt-adv-heading33_8d74b9-c8 wp-block-kadence-advancedheading\" data-kb-block=\"kb-adv-heading33_8d74b9-c8\">Mo\u017cesz te\u017c wesprze\u0107 nasz\u0105 zrzutk\u0119:<\/p>\n\n\n<style>.wp-block-kadence-advancedbtn.kb-btns33_e9b304-27{gap:var(--global-kb-gap-xs, 0.5rem );justify-content:center;align-items:center;}.kt-btns33_e9b304-27 .kt-button{font-weight:normal;font-style:normal;}.kt-btns33_e9b304-27 .kt-btn-wrap-0{margin-right:5px;}.wp-block-kadence-advancedbtn.kt-btns33_e9b304-27 .kt-btn-wrap-0 .kt-button{color:#555555;border-color:#555555;}.wp-block-kadence-advancedbtn.kt-btns33_e9b304-27 .kt-btn-wrap-0 .kt-button:hover, .wp-block-kadence-advancedbtn.kt-btns33_e9b304-27 .kt-btn-wrap-0 .kt-button:focus{color:#ffffff;border-color:#444444;}.wp-block-kadence-advancedbtn.kt-btns33_e9b304-27 .kt-btn-wrap-0 .kt-button::before{display:none;}.wp-block-kadence-advancedbtn.kt-btns33_e9b304-27 .kt-btn-wrap-0 .kt-button:hover, .wp-block-kadence-advancedbtn.kt-btns33_e9b304-27 .kt-btn-wrap-0 .kt-button:focus{background:#444444;}<\/style>\n<div class=\"wp-block-kadence-advancedbtn kb-buttons-wrap kb-btns33_e9b304-27\"><style>ul.menu .wp-block-kadence-advancedbtn .kb-btn33_6fe128-93.kb-button{width:initial;}.wp-block-kadence-advancedbtn .kb-btn33_6fe128-93.kb-button:hover, .wp-block-kadence-advancedbtn .kb-btn33_6fe128-93.kb-button:focus{background:#04db4d;}<\/style><a class=\"kb-button kt-button button kb-btn33_6fe128-93 kt-btn-size-large kt-btn-width-type-auto kb-btn-global-fill  kt-btn-has-text-true kt-btn-has-svg-false  wp-block-kadence-singlebtn\" href=\"https:\/\/zrzutka.pl\/wtjzyt\"><span class=\"kt-btn-inner-text\">ZRZUTKA.PL<\/span><\/a><\/div>\n<\/div><\/div>\n\n<\/div><\/div>\n\n<style>.kb-row-layout-id33_3f442d-48 > .kt-row-column-wrap{align-content:start;}:where(.kb-row-layout-id33_3f442d-48 > .kt-row-column-wrap) > .wp-block-kadence-column{justify-content:start;}.kb-row-layout-id33_3f442d-48 > .kt-row-column-wrap{column-gap:var(--global-kb-gap-md, 2rem);row-gap:var(--global-kb-gap-md, 2rem);max-width:1200px;margin-left:auto;margin-right:auto;padding-top:var(--global-kb-spacing-sm, 1.5rem);padding-bottom:var(--global-kb-spacing-sm, 1.5rem);grid-template-columns:minmax(0, 1fr);}.kb-row-layout-id33_3f442d-48 > .kt-row-layout-overlay{opacity:0.30;}@media all and (max-width: 1024px){.kb-row-layout-id33_3f442d-48 > .kt-row-column-wrap{grid-template-columns:minmax(0, 1fr);}}@media all and (max-width: 767px){.kb-row-layout-id33_3f442d-48 > .kt-row-column-wrap{grid-template-columns:minmax(0, 1fr);}}<\/style><div class=\"kb-row-layout-wrap kb-row-layout-id33_3f442d-48 alignnone wp-block-kadence-rowlayout\"><div class=\"kt-row-column-wrap kt-has-1-columns kt-row-layout-equal kt-tab-layout-inherit kt-mobile-layout-row kt-row-valign-top\">\n<style>.kadence-column33_cea26d-fa > .kt-inside-inner-col,.kadence-column33_cea26d-fa > .kt-inside-inner-col:before{border-top-left-radius:0px;border-top-right-radius:0px;border-bottom-right-radius:0px;border-bottom-left-radius:0px;}.kadence-column33_cea26d-fa > .kt-inside-inner-col{column-gap:var(--global-kb-gap-sm, 1rem);}.kadence-column33_cea26d-fa > .kt-inside-inner-col{flex-direction:column;}.kadence-column33_cea26d-fa > .kt-inside-inner-col > .aligncenter{width:100%;}.kadence-column33_cea26d-fa > .kt-inside-inner-col:before{opacity:0.3;}.kadence-column33_cea26d-fa{position:relative;}@media all and (max-width: 1024px){.kadence-column33_cea26d-fa > .kt-inside-inner-col{flex-direction:column;justify-content:center;}}@media all and (max-width: 767px){.kadence-column33_cea26d-fa > .kt-inside-inner-col{flex-direction:column;justify-content:center;}}<\/style>\n<div class=\"wp-block-kadence-column kadence-column33_cea26d-fa\"><div class=\"kt-inside-inner-col\"><style>.kb-image33_e4e967-2e .kb-image-has-overlay:after{opacity:0.3;}<\/style>\n<div class=\"wp-block-kadence-image kb-image33_e4e967-2e\"><figure class=\"aligncenter size-large\"><img loading=\"lazy\" decoding=\"async\" width=\"819\" height=\"1024\" src=\"http:\/\/teczowispolecznicy.org\/wp-content\/uploads\/2026\/05\/Post-na-Instagram-1-819x1024.png\" alt=\"Filip\" class=\"kb-img wp-image-148\" srcset=\"https:\/\/teczowispolecznicy.org\/wp-content\/uploads\/2026\/05\/Post-na-Instagram-1-819x1024.png 819w, https:\/\/teczowispolecznicy.org\/wp-content\/uploads\/2026\/05\/Post-na-Instagram-1-240x300.png 240w, https:\/\/teczowispolecznicy.org\/wp-content\/uploads\/2026\/05\/Post-na-Instagram-1-768x960.png 768w, https:\/\/teczowispolecznicy.org\/wp-content\/uploads\/2026\/05\/Post-na-Instagram-1.png 1080w\" sizes=\"auto, (max-width: 819px) 100vw, 819px\" \/><\/figure><\/div>\n<\/div><\/div>\n\n<\/div><\/div>\n\n\n<p><\/p>\n","protected":false},"excerpt":{"rendered":"<p>Twoje wsparcie jest dla nas nieocenione. Wp\u0142aty mo\u017cna dokona\u0107 na konto Stowarzyszenia: 75 1240 3073 1111 0011 6452 4650 Tytu\u0142em: darowizna na cele regulaminowe Stowarzyszenie T\u0119czowi Spo\u0142ecznicy Mo\u017cesz te\u017c wesprze\u0107 nasz\u0105 zrzutk\u0119:<\/p>\n","protected":false},"author":1,"featured_media":0,"parent":0,"menu_order":0,"comment_status":"closed","ping_status":"closed","template":"","meta":{"_kad_blocks_custom_css":"","_kad_blocks_head_custom_js":"","_kad_blocks_body_custom_js":"","_kad_blocks_footer_custom_js":"","_kad_post_transparent":"","_kad_post_title":"","_kad_post_layout":"","_kad_post_sidebar_id":"","_kad_post_content_style":"","_kad_post_vertical_padding":"","_kad_post_feature":"","_kad_post_feature_position":"","_kad_post_header":false,"_kad_post_footer":false,"_kad_post_classname":"","footnotes":""},"class_list":["post-33","page","type-page","status-publish","hentry"],"taxonomy_info":[],"featured_image_src_large":false,"author_info":{"display_name":"admin","author_link":"https:\/\/teczowispolecznicy.org\/?author=1"},"comment_info":0,"_links":{"self":[{"href":"https:\/\/teczowispolecznicy.org\/index.php?rest_route=\/wp\/v2\/pages\/33","targetHints":{"allow":["GET"]}}],"collection":[{"href":"https:\/\/teczowispolecznicy.org\/index.php?rest_route=\/wp\/v2\/pages"}],"about":[{"href":"https:\/\/teczowispolecznicy.org\/index.php?rest_route=\/wp\/v2\/types\/page"}],"author":[{"embeddable":true,"href":"https:\/\/teczowispolecznicy.org\/index.php?rest_route=\/wp\/v2\/users\/1"}],"replies":[{"embeddable":true,"href":"https:\/\/teczowispolecznicy.org\/index.php?rest_route=%2Fwp%2Fv2%2Fcomments&post=33"}],"version-history":[{"count":4,"href":"https:\/\/teczowispolecznicy.org\/index.php?rest_route=\/wp\/v2\/pages\/33\/revisions"}],"predecessor-version":[{"id":149,"href":"https:\/\/teczowispolecznicy.org\/index.php?rest_route=\/wp\/v2\/pages\/33\/revisions\/149"}],"wp:attachment":[{"href":"https:\/\/teczowispolecznicy.org\/index.php?rest_route=%2Fwp%2Fv2%2Fmedia&parent=33"}],"curies":[{"name":"wp","href":"https:\/\/api.w.org\/{rel}","templated":true}]}}